 of k.
3
Let w(b) = -6*b**3 + b + 1. List the prime factors of w(-1).
2, 3
Suppose h = -4*h + 20. What are the prime factors of h?
2
Suppose 248 = 2*w - 0. What are the prime factors of w?
2, 31
Let u(r) = 5*r**2 + 4*r + 3. Suppose 0 = -5*k + 3*n - 16, 3*k + 0*n = n - 8. List the prime factors of u(k).
3, 5
Let j(v) = 17*v**2 - 6*v - 2. List the prime factors of j(-4).
2, 3, 7
List the prime factors of 4/(1/(11 - 3)).
2
Let j(n) = -15*n**2 - 2*n. Let t be j(-1). List the prime factors of ((-3)/5)/(t/195).
3
Let j be (0 - 1 - -7) + -4. Suppose j*f + 103 = -s + 6*s, s + 4*f = 3. What are the prime factors of s?
19
Let k = -8 - -21. List the prime factors of k.
13
Suppose -t = 4*t + 10, 3*g = -5*t - 22. Let a(k) = -k**3 - 3*k**2 - 3*k + 4. What are the prime factors of a(g)?
2
Let g = 5 - 4. Let m be (0 + (2 - 2))*g. Suppose 4*c + 4 = 0, 5*l + c - 2*c - 36 = m. What are the prime factors of l?
7
Let p(b) = b**3 - b**2 + 4*b - 3. Let a(w) = -2*w + 17. Let n be a(7). List the prime factors of p(n).
3
Let m be 2/(-2)*(3 + -6). Suppose -6 = -m*b - 0. List the prime factors of ((-4)/5)/(b/(-5)).
2
Let k(d) = -d**3 - 13*d**2 - 13*d - 9. Let p be k(-12). Let r = p + 9. What are the prime factors of r?
2, 3
Let y(j) = -7*j**2 - j**3 + 12 + 2*j**3 - 5 + 6*j. List the prime factors of y(6).
7
Suppose 5*o - 20 = -5*l, 0 = -2*o - 0*o - 4*l + 8. What are the prime factors of o?
2
Suppose -3*b = -d - 2*b + 47, -12 = -4*b. List the prime factors of d.
2, 5
Let s(z) = 2*z**3 + 3*z**2 - 3*z. Let m = 7 + -5. What are the prime factors of s(m)?
2, 11
Let p(m) = -m**3 - m**2 + 2*m + 3. Let v(r) = r**2 + r - 2. Let b be (-3)/(-6) - (-2)/(-4). Let x be v(b). List the prime factors of p(x).
3
Suppose y + y - 4*z - 32 = 0, 0 = 2*y - 2*z - 24. What are the prime factors of y?
2
Let h(u) = u + 19. Let x = 9 + -9. What are the prime factors of h(x)?
19
What are the prime factors of (-25)/(-4 - -3)*2?
2, 5
Suppose 55 = -v + 2*v. What are the prime factors of v?
5, 11
Suppose 2*t = -t + 420. What are the prime factors of t?
2, 5, 7
List the prime factors of (-1 - 2) + (151 - 2).
2, 73
Suppose 0*v + 2*v + 256 = 4*h, 136 = 2*h + 3*v. What are the prime factors of h?
5, 13
Let p be ((-6)/(-4))/(2/28). Suppose q - 60 = -2*c, -129 = -5*c + q + p. List the prime factors of c.
2, 3, 5
Let m = 77 + -59. What are the prime factors of m?
2, 3
List the prime factors of (-2 + 1662/9)*(-6)/(-4).
2, 137
Suppose -5*v + 0*v + 3*a + 16 = 0, 5*v - 13 = 4*a. Suppose -5*i - 3*p + 13 + 12 = 0, v*p - 25 = 0. List the prime factors of (-3)/12*i*-22.
11
Suppose -d - 4*v = -4, -4*v - 12 = -3*d - 0*v. Suppose d*q + 0*q + 8 = 0. List the prime factors of (-8 - 2)/(q + 1).
2, 5
Let c be 76/6 + 8/(-12). What are the prime factors of (c + (-6)/(-3))/2?
7
Suppose l - 302 = 3*l. List the prime factors of l/(-9) + (-4)/(-18).
17
Let x(m) = 6*m**3 - m**2 - m - 3. Let i(q) = -5*q**3 + 2. Let y(f) = 7*i(f) + 6*x(f). List the prime factors of y(7).
3
Let t(a) = 2*a**2 - 9*a + 2. Let f be t(6). Let n = -13 + f. What are the prime factors of n?
7
Let b be (3/(-3))/((-2)/24). What are the prime factors of b/10*(-10 - -25)?
2, 3
Suppose 0*g + 2*g = 10, -3*g = l - 17. Suppose -27 + 1 = -l*c. Suppose -5*w + 2 = -c. What are the prime factors of w?
3
List the prime factors of (1 - (-10)/5)/(9/15).
5
Suppose m = 5*p - 107, 5*p - 4*m + 2*m - 104 = 0. List the prime factors of p.
2, 11
Let t = -22 + 52. What are the prime factors of t?
2, 3, 5
Let m(t) be the second derivative of t**5/20 + t**4/3 + 2*t**3/3 + t**2 + t. Let j be m(-2). Suppose j*x = 5*x - 12. What are the prime factors of x?
2
Let i(u) = u**3 - 5*u**2 + 3*u + 5. Suppose -h = h - 4*p + 12, 5*h = 2*p + 10. Let j be i(h). What are the prime factors of 1 - (j + 5)*-3?
19
Let s(x) = 4*x**3 - 4*x**2 + 4*x - 1. List the prime factors of s(2).
23
List the prime factors of 2*(-4 - -8 - -34).
2, 19
What are the prime factors of (-1)/(-1*4/48)?
2, 3
Let y = -100 + 46. List the prime factors of -6 - -2 - y/2.
23
Suppose 0 = j + 2*j - 108. Let y = 0 + 0. Suppose y = 2*u - j + 4. List the prime factors of u.
2
Suppose -2*g - 3*g = 3*j - 873, -4*g + 700 = 4*j. List the prime factors of g.
2, 3, 29
Let r = -4 + 11. Let c(v) = v - 6. Let k be c(r). Suppose 0 = 5*f - 3*f + h - 3, -f + k = h. What are the prime factors of f?
2
List the prime factors of (-62)/((-14)/(-4) + (-4)/1).
2, 31
Let p(k) = 3*k - 8. Let h be p(6). Suppose -m - h = -l - 3*m, -5*l = m - 5. Suppose l = -2*f + 5 + 19. What are the prime factors of f?
2, 3
Suppose o - 5 = -0*o. Suppose 1 = j - o. Let y = j + -2. What are the prime factors of y?
2
Let x = -9 - -26. Suppose 3*i = x + 1. List the prime factors of i.
2, 3
Let u = 12 + -12. Suppose u*c = c - 2. List the prime factors of c.
2
Let k be 1 + (-3)/6*-2. Suppose -2*d - 9 = k*p - 57, p + 2*d - 29 = 0. List the prime factors of p.
19
Let o(l) be the second derivative of -1/4*l**4 + 0 + 2*l**2 - 1/3*l**3 + l - 1/20*l**5. List the prime factors of o(-3).
2, 5
Suppose 38*q - 34*q = 140. List the prime factors of q.
5, 7
Let a be 5/2*(-10)/(-25). What are the prime factors of (-2 - a)*5/(-3)?
5
Let l = -13 + 41. What are the prime factors of l?
2, 7
Let p = -13 + 24. Let k = p - 5. List the prime factors of (-40)/(-7) - k/(-21).
2, 3
Let c = 535 + -244. What are the prime factors of c?
3, 97
Let a be 50/20*4/(-2). Let x(v) = -v**3 - 4*v**2 + 3*v + 7. List the prime factors of x(a).
17
Suppose -4*t + 41 = -15. What are the prime factors of t?
2, 7
Let w(u) = u - 10. Let f be w(8). Let p be (1 + f)*(-2 + -1). Suppose -p*g - 5*h = -0*g - 21, -2*g + 13 = 3*h. List the prime factors of g.
2
Let i(f) = -f - 8. Let n be i(-9). Suppose 67 = 3*o + n. List the prime factors of o.
2, 11
Let f = 89 - 33. Let x = -27 + f. What are the prime factors of x?
29
Suppose -4*n + 2*u + 24 = 0, 3*n - 3*u = 5*n - 4. Suppose -38 - 2 = -n*k. List the prime factors of k.
2
What are the prime factors of (-298)/(-4) + 7/14?
3, 5
Suppose m + 6 + 10 = -3*a, 8 = 3*a - 5*m. Suppose 8*k = 4*k - 4. List the prime factors of -3 + (a + k)*-4.
17
Let l = 2 + 0. Suppose 0*n + l*n - 54 = -h, n = h + 27. What are the prime factors of n?
3
Let f = 35 + -50. Let j = -11 - f. Suppose -j*a + 15 = 3*k - 6, -5*k + 64 = -3*a. What are the prime factors of k?
11
Suppose -3*i = i. Suppose -z + 3*z - 8 = i. What are the prime factors of z?
2
Let s(w) = -w**2 + 11*w - 4. Suppose 4*l - 41 = -2*v - v, 0 = l - 5. List the prime factors of s(v).
2, 3
Let j(i) = i**3 + 8*i**2 + 9*i + 9. Let s be j(-6). Let t be (s - -1) + 1*2. Suppose 4*v - t = v. List the prime factors of v.
2, 5
Let b be (-2)/(-1) + (1 - -15). Suppose -z - 3*m + 22 = 4*z, -b = z - 5*m. List the prime factors of z.
2
Let s(x) = -2*x + 5 - 10*x - 3. Let f be s(2). List the prime factors of (-48)/f - 2/11.
2
Suppose 2*v + 17 = 3*m, 3*v + 12 = 4*m - 11. Suppose m*d = 166 - 31. Suppose -l - 2*l + d = 0. List the prime factors of l.
3
Suppose -2 = -3*u + 2*u. What are the prime factors of 3*(u + -1 - 0)?
3
Suppose -3*x = -142 - 32. What are the prime factors of x?
2, 29
Let s = 1 - 0. Let g(c) = c**2 - 1. Let u be g(s). List the prime factors of 6 - (1 - u) - 0.
5
Let h = 6 + -3. Suppose 5*x = h*x + 32. List the prime factors of x.
2
Let s = 12 - 17. Let l be (11 - s) + (-4)/2. List the prime factors of (20/l)/(8/56).
2, 5
Let l be ((-18)/12)/(3/(-4)). Suppose 0*k + 42 = l*k - 2*i, -2*i = k - 15. List the prime factors of k.
19
Let l(d) = -d**2 - 8*d. Let b be (0 - -1)*1 + -1. Suppose b = -5*x + 5, -x - 2*x + 10 = -a. List the prime factors of l(a).
7
Let c(w) = -w**3 + w**2 + w + 5. Let u be c(0). Let y be 6/36 + u/6. What are the prime factors of (-3 - -7) + (-1 - y)?
2
Let m = -38 - -78. Let d = m + -28. What are the prime factors of d?
2, 3
Let c be (2/(-2 - -3))/1. Suppose -h + 3*q + 21 = 0, c*h - 45 = 3*q - 12. List the prime factors of h.
2, 3
Suppose -3*d - 40 = -5*s, 2*d + 4*s + s = -35. Let n = d - -50. What are the prime factors of n?
5, 7
Suppose -8*m = 4*m - 3492. What are the prime factors of m?
3, 97
Suppose -5*h + 5*r - 1 = 4, -9 = 3*h - 5*r. Suppose 0*c + 3*c - 72 = 0. Suppose -4*x + h*x = -c. List the prime factors of x.
2, 3
Let q be ((-3)/3)/1 + 1. Suppose 14 = f - 3*l, 2*f + q*f - 2*l - 40 = 0. List the prime factors of f